1059*a - 1350. List the prime factors of g(5).
3, 5, 263
Let g = -814 + 1286. What are the prime factors of g?
2, 59
Let u(n) = 6*n**2 + 6*n + 7. Suppose -r - 5*t + 19 = 0, -2 = -r - r - t. Let p be u(r). Let a(s) = -s**3 + 11*s**2 - 5*s - 8. List the prime factors of a(p).
3, 17
Suppose 5*g = l + 3*l + 20, 5*g = -4*l + 20. Let s(w) = -w**3 + 4*w**2 - w + 3. Let z be s(g). What are the prime factors of z - (3 + -61) - -4?
61
Let r be ((-2)/4)/((-31660)/(-10552) - 3). Let p = -790 - r. What are the prime factors of p?
23
Let l be (8/(-12))/((-3)/18). Suppose -l*b = b + 15. What are the prime factors of (1250/(-30))/(1/b)?
5
Let x(q) be the second derivative of 11*q**6/360 - q**5/24 - q**4/12 - 7*q. Let l(s) be the third derivative of x(s). List the prime factors of l(6).
127
Let c(d) = 119*d**2 + 14*d + 57. Let n be c(-9). Suppose 0 = -10*l + n - 1360. What are the prime factors of l?
821
Suppose -4*a + 12350 = -5*r - 6462, 2*r = -8. List the prime factors of a.
2, 3, 29
Let k(h) = -4*h**2 + 11*h - 2. Let a be k(2). Suppose a*g = 2879 - 179. What are the prime factors of g?
3, 5
Let k = 45 + -42. Suppose 3*y = -2*a + 51, 2*y - k*a - 24 = -a. Suppose y = j - 3*c, -4*c + 39 = 3*j - 45. What are the prime factors of j?
2, 3
Let s(i) = -192*i + 482 + 154*i - 109. What are the prime factors of s(-17)?
1019
Let z(g) = g**3 - 71*g**2 + 99*g + 344. List the prime factors of z(71).
73, 101
Let r = -154 - -159. Suppose -2 = 2*a, 4*z = -r*a + 63 + 16. What are the prime factors of z?
3, 7
Let o = 135938 + -62996. List the prime factors of o.
2, 3, 12157
Let y be 32/56*(-21)/(-3). Let m be (58 - (8 - y)) + 1. List the prime factors of (-112)/(-11) + (-10)/m.
2, 5
Let x(d) = d**3 + 23*d**2 - 25*d + 42. Suppose 0 = 5*c + 5*v + 130, c - 4*c - 62 = -5*v. List the prime factors of x(c).
2, 3, 11
What are the prime factors of (-204)/(-16)*(-110212)/(-177)?
17, 467
Let t(n) = -148*n**3 + n**2 + n - 1. Suppose l + 7 = 4*d - 14, 5*l - 5*d = -180. Let c = 40 + l. List the prime factors of t(c).
3, 7
Let j = -1493 + 1493. Suppose p = 5*p - 300. Suppose 5*m + j*d = -2*d + 95, -2*d = -5*m + p. What are the prime factors of m?
17
Suppose 0 = 32*l - 37*l - 10. List the prime factors of -7*l/56*3352.
2, 419
Let j be (-9)/(-27)*(0 + -3) - 58. Let m = 61 + j. Suppose m*u + 5*v = 53, 0*u - 3*v = -5*u + 117. List the prime factors of u.
2, 3
Suppose -7*x - 42 = -4*x. Let j be (32/(-28))/(4/x). Suppose 3*q = 4*m + 269, -4*q = j*m - 2*m - 322. What are the prime factors of q?
83
Let r(t) = 2*t**2 - 22*t - 63. Let o be 2/(((-16)/24)/(5/3)). Let y(h) = h**2 - h - 11. Let c be y(o). What are the prime factors of r(c)?
241
Suppose -426 = -2*q + 4*v, 0 = -200*q + 205*q - v - 1101. Let n(r) = 4*r - 2. Let j be n(2). List the prime factors of 2/j*q - 70/105.
73
Let s(y) = 17*y**2 + 1 + y + 7 - 7. Let j be s(-1). Let l = 31 - j. What are the prime factors of l?
2, 7
Suppose -4*z = 4*a - 52, 2*z - z - 16 = -4*a. Suppose z*r = -2*r + 11396. Suppose -816 = -3*q - 3*x, -x + r = 3*q - 0*x. List the prime factors of q.
271
Let b(o) = -15*o - 1. Let a be b(-1). Suppose -q - a = -3*q. Suppose -3*y + q*y = 12, 5*c - 375 = -5*y. What are the prime factors of c?
2, 3
Suppose -4*v + 279 + 15017 = 0. What are the prime factors of v/13 + 48/(-312)?
2, 3, 7
Suppose -67988 - 2919940 = -159*l. List the prime factors of l.
2, 3, 29
Let z = -972 - -5424. What are the prime factors of z?
2, 3, 7, 53
Let m = -70 - -138. Suppose -8*b = 164 + m. Let g = 33 - b. What are the prime factors of g?
2, 31
Let x(r) = -19*r - 147. Let c be x(-8). Let p(q) = 5*q**3 - 10*q**2 + 3*q. What are the prime factors of p(c)?
2, 3, 5, 13
Let u = -20578 - -4984. List the prime factors of u/(-9) - (-12)/(-18).
2, 433
Suppose -26821 = 28*w - 89136 - 485925. List the prime factors of w.
2, 5, 11, 89
Let v(j) = 23*j**2 - 26*j**2 + 12*j**2 - 2 - 4*j + 3*j. Suppose 6 = -2*b + 2. What are the prime factors of v(b)?
2, 3
Let w = 9849 - 4800. List the prime factors of w.
3, 11, 17
Let n(t) = 2*t**2 - 2*t + 1468. Let j(k) = -k**3 - 11*k**2 - 13*k - 30. Let v be j(-10). What are the prime factors of n(v)?
2, 367
Let t(a) = -4*a - 51. Suppose 2*f + 10 = -14. Let s be t(f). List the prime factors of (158 - s)/(2/(1 - -1)).
7, 23
Let h(i) = 201*i + 468. Let l(r) = 29*r + 67. Let y(o) = 2*h(o) - 15*l(o). What are the prime factors of y(-12)?
3, 109
Suppose -3*c = -10*g - 109930, -3*g + 14 = -5*g. What are the prime factors of c?
2, 5, 1831
Suppose 982 = 26*v - 3620. Let a = v + -79. What are the prime factors of a?
2, 7
Let v(b) = -96*b**3 + 5*b**2 + 12*b + 59. List the prime factors of v(-4).
5, 29, 43
Let w be (-9)/(-6) + 213/6. List the prime factors of 13*w - (47 + -40).
2, 3, 79
Let d be 56/(-12)*(6 - (-255)/(-35)). Let k = -513 - -953. List the prime factors of 3*1*k/d.
2, 5, 11
Let t(s) = -791*s - 1279. What are the prime factors of t(-21)?
2, 3833
Let k(m) = m**3 + 71*m**2 + 179*m + 2132. What are the prime factors of k(-47)?
5, 13, 719
What are the prime factors of (47736/(-432))/(2/(-76))?
13, 17, 19
Let x = 44252 - 33574. What are the prime factors of x?
2, 19, 281
Let q = -2067 + 3902. What are the prime factors of q?
5, 367
List the prime factors of (159 + -162)/(3/(-7132)).
2, 1783
Let i(x) be the first derivative of 39 + x**3 + 23/2*x**2 - 33*x. List the prime factors of i(-15).
3, 11
Let z(q) = q**3 - 5*q**2 + 25*q + 154. What are the prime factors of z(19)?
5683
Let d be 15*(-2)/(-10) + -8. What are the prime factors of 39*(d/45)/(3/(-72))?
2, 13
Let o = 30 + -13. Let w be (5 + (3 - o))*4/(-3). Suppose -w*u = -0*u - 1116. What are the prime factors of u?
3, 31
Suppose 0 = 28*m - 12*m - 223077 - 23195. What are the prime factors of m?
2, 13, 37
Suppose 2*p - 195 = 123. Let r = -45 + -64. Let z = p + r. List the prime factors of z.
2, 5
Let d = 7 + 1. Let n = d - -3. Suppose 8*a = n*a - 282. What are the prime factors of a?
2, 47
Let o(m) = 0*m**2 - m**3 + 12 + 4*m**2 - 7*m**2 + 11*m. Let h be o(-5). Suppose 3*f - h*f = 4*s - 696, -3*s - 194 = -f. What are the prime factors of f?
179
Let t = 19227 + -6576. List the prime factors of t.
3, 4217
Let j(d) = 3*d**2 + 1682 + 2*d - 1677 + 0*d. What are the prime factors of j(-8)?
181
Suppose 4*t + 23 - 5 = -h, -2*t = -2*h + 14. Suppose 5*w = 15, -2*p + h*w + 2*w + 500 = 0. Let y = -65 + p. List the prime factors of y.
191
Let z = -879 + 2197. Let b = z - 340. List the prime factors of b.
2, 3, 163
Suppose 4*g = -3005 + 337. Let n = g - -834. List the prime factors of n.
167
List the prime factors of ((-16740)/(-75))/((-8)/(-270)).
3, 31
Let w = -20432 - -77312. List the prime factors of w.
2, 3, 5, 79
Let x = -26 + -640. Let a = x - -2042. What are the prime factors of a?
2, 43
Let t be 2162/414 + 0 + (-2)/9. Suppose 0*m = -t*m + 3*v + 207, -5*m + 199 = -v. List the prime factors of m.
3, 13
Let v be (-8 + (-2)/(-1))*(-15)/(-3). Let t be (((-6)/(-4))/1)/((-9)/v). Let r(s) = s**3 + 4*s**2 + s - 2. List the prime factors of r(t).
2, 3, 19
Suppose f + 13 = 4*q, 4*f = -0*f + q + 8. Let l be 1/3 + (-4)/3. What are the prime factors of -6*l/f - -29?
31
Suppose -13182 - 18498 = -11*b. Suppose 7*y - b = y. Suppose 5*j - 9*j = -y. List the prime factors of j.
2, 3, 5
Suppose -48*d - 64*d = -36*d - 479028. List the prime factors of d.
3, 11, 191
Let z = 60 + -66. Let f = z - -7. List the prime factors of (-2 - (-14 - f)/3) + 80.
83
Let w = -249 + 289. What are the prime factors of (-1 + -47)*4*w/(-15)?
2
Let k be (-3 + 1)*1/(-1). Suppose k*q - 1347 = -s, -5*q + 3368 = -7*s + 9*s. What are the prime factors of q?
2, 337
Let p be ((-3)/6 + 1)*20 + -2. Suppose -9*n + p*n + y = -350, -2*y - 1394 = -4*n. What are the prime factors of n?
347
List the prime factors of (-91 - -86) + 281544/14 + (-2)/7.
5, 4021
Suppose 13166 - 1286 = 15*z. What are the prime factors of z/96 - (-6)/8?
3
Let q(o) = 9*o**2 + 6*o + 20. Let f be q(-3). Let r = f - -70. List the prime factors of r.
3, 17
Suppose -3*t = 0, 3*q + 3*t = 2*q + 3. List the prime factors of 737/q - -3*3/27.
2, 3, 41
Let k(p) = -p**3 - 5*p**2 - 8*p - 2. Let u be k(-3). Let j(d) = u*d + d + 16 - 9*d + 3*d. List the prime factors of j(-7).
23
What are the prime factors of 37533/2 + 12/(-3) + 343/98?
2, 11, 853
Let b(k) = 11*k + 37. Let z be b(-8